{"id":10,"date":"2019-02-12T12:48:44","date_gmt":"2019-02-12T09:48:44","guid":{"rendered":"http:\/\/www.platon-gruppe.de\/adlershof\/?page_id=10"},"modified":"2019-03-27T10:27:02","modified_gmt":"2019-03-27T07:27:02","slug":"verein","status":"publish","type":"page","link":"http:\/\/www.kiezklub-rahnsdorf-ev.de\/?page_id=10","title":{"rendered":"Verein"},"content":{"rendered":"\t\t<div data-elementor-type=\"wp-post\" data-elementor-id=\"10\" class=\"elementor elementor-10\">\n\t\t\t\t\t\t\t\t\t<section class=\"elementor-section elementor-top-section elementor-element elementor-element-a6c0634 elementor-section-boxed elementor-section-height-default elementor-section-height-default\" data-id=\"a6c0634\" data-element_type=\"section\">\n\t\t\t\t\t\t<div class=\"elementor-container elementor-column-gap-default\">\n\t\t\t\t\t<div class=\"elementor-column elementor-col-50 elementor-top-column elementor-element elementor-element-cd86adb\" data-id=\"cd86adb\" data-element_type=\"column\">\n\t\t\t<div class=\"elementor-widget-wrap elementor-element-populated\">\n\t\t\t\t\t\t\t\t<div class=\"elementor-element elementor-element-de6f336 elementor-widget elementor-widget-text-editor\" data-id=\"de6f336\" data-element_type=\"widget\" data-widget_type=\"text-editor.default\">\n\t\t\t\t<div class=\"elementor-widget-container\">\n\t\t\t\t\t\t\t<h3>\u00a0<\/h3><table width=\"800\"><tbody><tr><td valign=\"top\"><h4><strong><span style=\"font-size: medium;\">Wir begr\u00fc\u00dfen Sie herzlich auf den Seiten des F\u00f6rdervereins KIEZKLUB Rahnsdorf e.V. (ehemals Nachbarschaftszentrum Hessenwinkel e.V.).<\/span><\/strong><\/h4><h4>Auf den folgenden Seiten finden Sie Informationen zu unserem Verein.<br \/>Vielleicht m\u00f6chten Sie uns mit ehrenamtlicher Arbeit unterst\u00fctzen oder Mitglied in unserem Verein werden?\u00a0<br \/>Als gemeinn\u00fctziger Verein sind wir auch auf Spenden angewiesen, um die verschiedenen Aufgaben zu realisieren.<\/h4><h4>Informationen hierzu finden Sie in den Untermen\u00fcs.<\/h4><\/td><\/tr><\/tbody><\/table>\t\t\t\t\t\t<\/div>\n\t\t\t\t<\/div>\n\t\t\t\t\t<\/div>\n\t\t<\/div>\n\t\t\t\t<div class=\"elementor-column elementor-col-50 elementor-top-column elementor-element elementor-element-423714f\" data-id=\"423714f\" data-element_type=\"column\">\n\t\t\t<div class=\"elementor-widget-wrap elementor-element-populated\">\n\t\t\t\t\t\t\t\t<div class=\"elementor-element elementor-element-7b5dfb9 elementor-widget elementor-widget-text-editor\" data-id=\"7b5dfb9\" data-element_type=\"widget\" data-widget_type=\"text-editor.default\">\n\t\t\t\t<div class=\"elementor-widget-container\">\n\t\t\t\t\t\t\t<h4>\u00a0<\/h4><h4>\u00a0<\/h4><h4>\u00a0<\/h4><h4>Email Adresse:\u00a0<\/h4><h4><span style=\"text-decoration: underline; color: #0000ff;\"><a style=\"color: #0000ff;\" href=\"mailto:info@kiezklub-rahnsdorf-ev.de\">info@kiezklub-rahnsdorf-ev.de<\/a><\/span><\/h4>\t\t\t\t\t\t<\/div>\n\t\t\t\t<\/div>\n\t\t\t\t\t<\/div>\n\t\t<\/div>\n\t\t\t\t\t\t\t<\/div>\n\t\t<\/section>\n\t\t\t\t<section class=\"elementor-section elementor-top-section elementor-element elementor-element-7fd33fa elementor-section-boxed elementor-section-height-default elementor-section-height-default\" data-id=\"7fd33fa\" data-element_type=\"section\">\n\t\t\t\t\t\t<div class=\"elementor-container elementor-column-gap-default\">\n\t\t\t\t\t<div class=\"elementor-column elementor-col-50 elementor-top-column elementor-element elementor-element-5700026\" data-id=\"5700026\" data-element_type=\"column\">\n\t\t\t<div class=\"elementor-widget-wrap elementor-element-populated\">\n\t\t\t\t\t\t\t\t<div class=\"elementor-element elementor-element-83dcce8 elementor-widget elementor-widget-image\" data-id=\"83dcce8\" data-element_type=\"widget\" data-widget_type=\"image.default\">\n\t\t\t\t<div class=\"elementor-widget-container\">\n\t\t\t\t\t\t\t\t\t\t\t\t\t\t\t<img loading=\"lazy\" decoding=\"async\" width=\"1024\" height=\"768\" src=\"https:\/\/www.kiezklub-rahnsdorf-ev.de\/wp-content\/uploads\/2019\/02\/DSCI0060-1024x768.jpg\" class=\"attachment-large size-large wp-image-48\" alt=\"\" srcset=\"https:\/\/www.kiezklub-rahnsdorf-ev.de\/wp-content\/uploads\/2019\/02\/DSCI0060-1024x768.jpg 1024w, https:\/\/www.kiezklub-rahnsdorf-ev.de\/wp-content\/uploads\/2019\/02\/DSCI0060-300x225.jpg 300w, https:\/\/www.kiezklub-rahnsdorf-ev.de\/wp-content\/uploads\/2019\/02\/DSCI0060-768x576.jpg 768w\" sizes=\"auto, (max-width: 1024px) 100vw, 1024px\" \/>\t\t\t\t\t\t\t\t\t\t\t\t\t\t\t<\/div>\n\t\t\t\t<\/div>\n\t\t\t\t\t<\/div>\n\t\t<\/div>\n\t\t\t\t<div class=\"elementor-column elementor-col-50 elementor-top-column elementor-element elementor-element-ffa8a22\" data-id=\"ffa8a22\" data-element_type=\"column\">\n\t\t\t<div class=\"elementor-widget-wrap elementor-element-populated\">\n\t\t\t\t\t\t\t\t<div class=\"elementor-element elementor-element-36d8857 elementor-widget elementor-widget-image\" data-id=\"36d8857\" data-element_type=\"widget\" data-widget_type=\"image.default\">\n\t\t\t\t<div class=\"elementor-widget-container\">\n\t\t\t\t\t\t\t\t\t\t\t\t\t\t\t<img loading=\"lazy\" decoding=\"async\" width=\"1024\" height=\"765\" src=\"https:\/\/www.kiezklub-rahnsdorf-ev.de\/wp-content\/uploads\/2019\/02\/IMG_2202-1024x765.jpg\" class=\"attachment-large size-large wp-image-163\" alt=\"\" srcset=\"https:\/\/www.kiezklub-rahnsdorf-ev.de\/wp-content\/uploads\/2019\/02\/IMG_2202-1024x765.jpg 1024w, https:\/\/www.kiezklub-rahnsdorf-ev.de\/wp-content\/uploads\/2019\/02\/IMG_2202-300x224.jpg 300w, https:\/\/www.kiezklub-rahnsdorf-ev.de\/wp-content\/uploads\/2019\/02\/IMG_2202-768x574.jpg 768w\" sizes=\"auto, (max-width: 1024px) 100vw, 1024px\" \/>\t\t\t\t\t\t\t\t\t\t\t\t\t\t\t<\/div>\n\t\t\t\t<\/div>\n\t\t\t\t\t<\/div>\n\t\t<\/div>\n\t\t\t\t\t\t\t<\/div>\n\t\t<\/section>\n\t\t\t\t<section class=\"elementor-section elementor-top-section elementor-element elementor-element-1d0f2ff elementor-section-boxed elementor-section-height-default elementor-section-height-default\" data-id=\"1d0f2ff\" data-element_type=\"section\">\n\t\t\t\t\t\t<div class=\"elementor-container elementor-column-gap-default\">\n\t\t\t\t\t<div class=\"elementor-column elementor-col-100 elementor-top-column elementor-element elementor-element-d7d4116\" data-id=\"d7d4116\" data-element_type=\"column\">\n\t\t\t<div class=\"elementor-widget-wrap\">\n\t\t\t\t\t\t\t\t\t<\/div>\n\t\t<\/div>\n\t\t\t\t\t\t\t<\/div>\n\t\t<\/section>\n\t\t\t\t<section class=\"elementor-section elementor-top-section elementor-element elementor-element-9033e6b elementor-section-boxed elementor-section-height-default elementor-section-height-default\" data-id=\"9033e6b\" data-element_type=\"section\">\n\t\t\t\t\t\t<div class=\"elementor-container elementor-column-gap-default\">\n\t\t\t\t\t<div class=\"elementor-column elementor-col-100 elementor-top-column elementor-element elementor-element-c246e09\" data-id=\"c246e09\" data-element_type=\"column\">\n\t\t\t<div class=\"elementor-widget-wrap elementor-element-populated\">\n\t\t\t\t\t\t\t\t<div class=\"elementor-element elementor-element-fc5da95 elementor-widget elementor-widget-text-editor\" data-id=\"fc5da95\" data-element_type=\"widget\" data-widget_type=\"text-editor.default\">\n\t\t\t\t<div class=\"elementor-widget-container\">\n\t\t\t\t\t\t\t<p>Klicke den Bearbeitungs-Button um diesen Text zu ver\u00e4ndern. Lorem ipsum dolor sit amet, consectetur adipiscing elit. Ut elit tellus, luctus nec ullamcorper mattis, pulvinar dapibus leo.<\/p>\t\t\t\t\t\t<\/div>\n\t\t\t\t<\/div>\n\t\t\t\t\t<\/div>\n\t\t<\/div>\n\t\t\t\t\t\t\t<\/div>\n\t\t<\/section>\n\t\t\t\t\t\t\t<\/div>\n\t\t","protected":false},"excerpt":{"rendered":"<p>\u00a0 Wir begr\u00fc\u00dfen Sie herzlich auf den Seiten des F\u00f6rdervereins KIEZKLUB Rahnsdorf e.V. (ehemals Nachbarschaftszentrum Hessenwinkel e.V.). Auf den folgenden Seiten finden Sie Informationen zu unserem Verein.Vielleicht m\u00f6chten Sie uns mit ehrenamtlicher Arbeit unterst\u00fctzen oder Mitglied in unserem Verein werden?\u00a0Als gemeinn\u00fctziger Verein sind wir auch auf Spenden angewiesen, um die verschiedenen Aufgaben zu realisieren. Informationen [&hellip;]<\/p>\n","protected":false},"author":1,"featured_media":0,"parent":0,"menu_order":0,"comment_status":"closed","ping_status":"closed","template":"","meta":{"footnotes":""},"class_list":["post-10","page","type-page","status-publish","hentry","entry"],"_links":{"self":[{"href":"http:\/\/www.kiezklub-rahnsdorf-ev.de\/index.php?rest_route=\/wp\/v2\/pages\/10","targetHints":{"allow":["GET"]}}],"collection":[{"href":"http:\/\/www.kiezklub-rahnsdorf-ev.de\/index.php?rest_route=\/wp\/v2\/pages"}],"about":[{"href":"http:\/\/www.kiezklub-rahnsdorf-ev.de\/index.php?rest_route=\/wp\/v2\/types\/page"}],"author":[{"embeddable":true,"href":"http:\/\/www.kiezklub-rahnsdorf-ev.de\/index.php?rest_route=\/wp\/v2\/users\/1"}],"replies":[{"embeddable":true,"href":"http:\/\/www.kiezklub-rahnsdorf-ev.de\/index.php?rest_route=%2Fwp%2Fv2%2Fcomments&post=10"}],"version-history":[{"count":13,"href":"http:\/\/www.kiezklub-rahnsdorf-ev.de\/index.php?rest_route=\/wp\/v2\/pages\/10\/revisions"}],"predecessor-version":[{"id":390,"href":"http:\/\/www.kiezklub-rahnsdorf-ev.de\/index.php?rest_route=\/wp\/v2\/pages\/10\/revisions\/390"}],"wp:attachment":[{"href":"http:\/\/www.kiezklub-rahnsdorf-ev.de\/index.php?rest_route=%2Fwp%2Fv2%2Fmedia&parent=10"}],"curies":[{"name":"wp","href":"https:\/\/api.w.org\/{rel}","templated":true}]}}